{"id":1662,"date":"2019-12-19T11:14:06","date_gmt":"2019-12-19T09:14:06","guid":{"rendered":"http:\/\/www.paysansantigone.fr\/?page_id=1662"},"modified":"2023-02-24T16:53:18","modified_gmt":"2023-02-24T14:53:18","slug":"laitages","status":"publish","type":"page","link":"https:\/\/www.paysansantigone.fr\/?page_id=1662","title":{"rendered":"Laitages"},"content":{"rendered":"\n<h2 class=\"wp-block-heading\">GAEC de Bergounhoux | \u00c9leveurs ovin <\/h2>\n\n\n\n<div class=\"wp-block-media-text alignwide\" style=\"grid-template-columns:35% auto\"><figure class=\"wp-block-media-text__media\"><img loading=\"lazy\" decoding=\"async\" width=\"336\" height=\"340\" src=\"http:\/\/www.paysansantigone.fr\/wp-content\/mesimages\/GAEC-SIGAUD-CERCLE.png\" alt=\"\" class=\"wp-image-1663\" srcset=\"https:\/\/www.paysansantigone.fr\/wp-content\/mesimages\/GAEC-SIGAUD-CERCLE.png 336w, https:\/\/www.paysansantigone.fr\/wp-content\/mesimages\/GAEC-SIGAUD-CERCLE-316x320.png 316w\" sizes=\"auto, (max-width: 336px) 100vw, 336px\" \/><\/figure><div class=\"wp-block-media-text__content\">\n\n<p class=\"has-medium-font-size\">G\u00e9rard SIGAUD vous propose : beurre de brebis, faisselles, caill\u00e9s, yaourts natures ou aux fruits, glaces (12 parfums), confiture, p\u00e2te a tartiner (a base de lait, chocolat, amandes noisettes), fromages (hyper frais sans sel, sal\u00e9s d&rsquo;une semaine, sal\u00e9s de 15 jours).<\/p>\n\n\n<p class=\"has-medium-font-size\">Contact :<br>T\u00e9l\u00e9phone : 05 65 70 60 90 <br>Mobile : 06 22 58 74 47<br>E-mail : <a href=\"gerard.sigaud12@gmail.com\" target=\"_blank\" rel=\"noreferrer noopener\" aria-label=\"gerard.sigaud12@gmail.com (s\u2019ouvre dans un nouvel onglet)\">gerard.sigaud12@gmail.com<\/a><\/p>\n\n<\/div><\/div>\n\n\n\n<hr class=\"wp-block-separator has-css-opacity\"\/>\n\n\n\n<h2 class=\"wp-block-heading\">La ferme des saveurs | \u00c9leveurs caprin bio<\/h2>\n\n\n\n<div class=\"wp-block-media-text alignwide has-media-on-the-right\" style=\"grid-template-columns:auto 37%\"><figure class=\"wp-block-media-text__media\"><img loading=\"lazy\" decoding=\"async\" width=\"336\" height=\"340\" src=\"http:\/\/www.paysansantigone.fr\/wp-content\/mesimages\/LA-FERME-DES-SAVEURS-CERCLE-1.png\" alt=\"\" class=\"wp-image-1664\" srcset=\"https:\/\/www.paysansantigone.fr\/wp-content\/mesimages\/LA-FERME-DES-SAVEURS-CERCLE-1.png 336w, https:\/\/www.paysansantigone.fr\/wp-content\/mesimages\/LA-FERME-DES-SAVEURS-CERCLE-1-316x320.png 316w\" sizes=\"auto, (max-width: 336px) 100vw, 336px\" \/><\/figure><div class=\"wp-block-media-text__content\">\n\n<p class=\"has-medium-font-size\">Christophe et Nelly BRODU vous proposent des fromages de ch\u00e8vre bio, des frais aux secs en passant par les cr\u00e9meux , du lait et des yaourts de ch\u00e8vre.<\/p>\n\n\n<p class=\"has-medium-font-size\">Contact :<br>T\u00e9l\u00e9phone : 04 67 78 92 71 <br>Mobile : 06 23 87 51 64 <br>E-mail : <a rel=\"noreferrer noopener\" aria-label=\" (s\u2019ouvre dans un nouvel onglet)\" href=\"lafermedessaveurs@orange.fr\" target=\"_blank\">lafermedessaveurs@orange.fr<\/a>  <br>Facebook :  <br><a href=\"https:\/\/www.facebook.com\/La-ferme-des-saveurs-Mas-St-Farriol-128314104443088\/\" target=\"_blank\" rel=\"noreferrer noopener\" aria-label=\" (s\u2019ouvre dans un nouvel onglet)\">https:\/\/www.facebook.com\/La-ferme-des-saveurs-Mas-St-Farriol-128314104443088\/<\/a> <\/p>\n\n<\/div><\/div>\n\n\n\n<hr class=\"wp-block-separator has-css-opacity\"\/>\n","protected":false},"excerpt":{"rendered":"<p>GAEC de Bergounhoux | \u00c9leveurs ovin G\u00e9rard SIGAUD vous propose : beurre de brebis, faisselles, caill\u00e9s, yaourts natures ou aux fruits, glaces (12 parfums), confiture, p\u00e2te a tartiner (a base de lait, chocolat, amandes noisettes), fromages (hyper frais sans sel, sal\u00e9s d&rsquo;une semaine, sal\u00e9s de 15 jours). Contact :T\u00e9l\u00e9phone : 05 65 70 60 90 [&hellip;]<\/p>\n","protected":false},"author":6,"featured_media":0,"parent":1601,"menu_order":0,"comment_status":"closed","ping_status":"closed","template":"","meta":{"footnotes":""},"class_list":["post-1662","page","type-page","status-publish","hentry"],"_links":{"self":[{"href":"https:\/\/www.paysansantigone.fr\/index.php?rest_route=\/wp\/v2\/pages\/1662","targetHints":{"allow":["GET"]}}],"collection":[{"href":"https:\/\/www.paysansantigone.fr\/index.php?rest_route=\/wp\/v2\/pages"}],"about":[{"href":"https:\/\/www.paysansantigone.fr\/index.php?rest_route=\/wp\/v2\/types\/page"}],"author":[{"embeddable":true,"href":"https:\/\/www.paysansantigone.fr\/index.php?rest_route=\/wp\/v2\/users\/6"}],"replies":[{"embeddable":true,"href":"https:\/\/www.paysansantigone.fr\/index.php?rest_route=%2Fwp%2Fv2%2Fcomments&post=1662"}],"version-history":[{"count":7,"href":"https:\/\/www.paysansantigone.fr\/index.php?rest_route=\/wp\/v2\/pages\/1662\/revisions"}],"predecessor-version":[{"id":2030,"href":"https:\/\/www.paysansantigone.fr\/index.php?rest_route=\/wp\/v2\/pages\/1662\/revisions\/2030"}],"up":[{"embeddable":true,"href":"https:\/\/www.paysansantigone.fr\/index.php?rest_route=\/wp\/v2\/pages\/1601"}],"wp:attachment":[{"href":"https:\/\/www.paysansantigone.fr\/index.php?rest_route=%2Fwp%2Fv2%2Fmedia&parent=1662"}],"curies":[{"name":"wp","href":"https:\/\/api.w.org\/{rel}","templated":true}]}}