{"id":1626,"date":"2019-12-19T11:14:17","date_gmt":"2019-12-19T09:14:17","guid":{"rendered":"http:\/\/www.paysansantigone.fr\/?page_id=1626"},"modified":"2023-03-17T10:47:11","modified_gmt":"2023-03-17T08:47:11","slug":"viandes","status":"publish","type":"page","link":"https:\/\/www.paysansantigone.fr\/?page_id=1626","title":{"rendered":"Viandes"},"content":{"rendered":"\n<hr class=\"wp-block-separator has-css-opacity\"\/>\n\n\n\n<h2 class=\"wp-block-heading\">La Boucherie de la ferme  | \u00c9leveurs bovins, ovins et porcins <\/h2>\n\n\n\n<div class=\"wp-block-media-text alignwide\" style=\"grid-template-columns:36% auto\"><figure class=\"wp-block-media-text__media\"><img loading=\"lazy\" decoding=\"async\" width=\"336\" height=\"340\" src=\"http:\/\/www.paysansantigone.fr\/wp-content\/mesimages\/LA-BOUCHERIE-DE-LA-FERME-CERCLE.png\" alt=\"\" class=\"wp-image-1629 size-full\" srcset=\"https:\/\/www.paysansantigone.fr\/wp-content\/mesimages\/LA-BOUCHERIE-DE-LA-FERME-CERCLE.png 336w, https:\/\/www.paysansantigone.fr\/wp-content\/mesimages\/LA-BOUCHERIE-DE-LA-FERME-CERCLE-316x320.png 316w\" sizes=\"auto, (max-width: 336px) 100vw, 336px\" \/><\/figure><div class=\"wp-block-media-text__content\">\n<p class=\"has-medium-font-size\">Une Boucherie de producteur regroupant 5 \u00e9leveurs bio la Boucherie de la Ferme vous propose de la viande de boeuf, veau, agneau et de porc bio. La Boucherie de la Ferme propose aussi toute une gamme de charcuterie maison bio et de plat pr\u00e9par\u00e9s \u00e0 base de viande.<\/p>\n\n\n\n<p class=\"has-medium-font-size\">Contact :<br>T\u00e9l\u00e9phone :  <br>04 67 63 26 70 <br>Site : <a rel=\"noreferrer noopener\" href=\"http:\/\/www.laboucheriedelaferme.fr\/\" target=\"_blank\">http:\/\/www.laboucheriedelaferme.fr\/<\/a><br>E-mail : <a rel=\"noreferrer noopener\" aria-label=\" (s\u2019ouvre dans un nouvel onglet)\" href=\"commandes.boucherie@Gmail.com\" target=\"_blank\">contact@laboucheriedelaferme.fr<\/a><\/p>\n<\/div><\/div>\n\n\n\n<hr class=\"wp-block-separator has-css-opacity\"\/>\n\n\n\n<h2 class=\"wp-block-heading\">La ferme du Cousteau  | \u00c9leveurs de canards gras<\/h2>\n\n\n\n<div class=\"wp-block-media-text alignwide has-media-on-the-right\" style=\"grid-template-columns:auto 37%\"><div class=\"wp-block-media-text__content\">\n<p class=\"has-medium-font-size\">Bernadette et Jo\u00ebl VALENTIN vous proposent confits, foie gras,  p\u00e2t\u00e9s et conserves.  <\/p>\n\n\n\n<p class=\"has-medium-font-size\">Contact :<br>Mobile :  <br> 06 83 57 89 07  <br>Site :  <a rel=\"noreferrer noopener\" aria-label=\" (s\u2019ouvre dans un nouvel onglet)\" href=\"https:\/\/www.foiegrasaucousteau.com\/\" target=\"_blank\">https:\/\/www.foiegrasaucousteau.com\/<\/a><br>E-mail :  <a rel=\"noreferrer noopener\" aria-label=\" (s\u2019ouvre dans un nouvel onglet)\" href=\"contact@foiegrasaucousteau.com\" target=\"_blank\">contact@foiegrasaucousteau.com<\/a> <\/p>\n<\/div><figure class=\"wp-block-media-text__media\"><img loading=\"lazy\" decoding=\"async\" width=\"336\" height=\"340\" src=\"http:\/\/www.paysansantigone.fr\/wp-content\/mesimages\/LA-FERME-DU-COUSTEAU-CERCLE.png\" alt=\"\" class=\"wp-image-1630 size-full\" srcset=\"https:\/\/www.paysansantigone.fr\/wp-content\/mesimages\/LA-FERME-DU-COUSTEAU-CERCLE.png 336w, https:\/\/www.paysansantigone.fr\/wp-content\/mesimages\/LA-FERME-DU-COUSTEAU-CERCLE-316x320.png 316w\" sizes=\"auto, (max-width: 336px) 100vw, 336px\" \/><\/figure><\/div>\n\n\n\n<hr class=\"wp-block-separator has-css-opacity\"\/>\n\n\n\n<h2 class=\"wp-block-heading\">Ferme de MERIFONS  | \u00c9leveurs de porc et agneau<\/h2>\n\n\n\n<div class=\"wp-block-media-text alignwide has-media-on-the-right\" style=\"grid-template-columns:auto 33%\"><div class=\"wp-block-media-text__content\">\n<p class=\"has-medium-font-size\">La ferme de MERIFON dans leur beau camion \u00a0\u00bbCharcuterie du salagou\u00a0\u00bb vous propose leur viande de porc de plein air (sec et frais ainsi que de la viande d&rsquo;agneau en saison (Aout et Septembre).<\/p>\n\n\n\n<p class=\"has-medium-font-size\">Contact : charcuteriedusalagou@gmail.com <br>T\u00e9l\u00e9phone : 06 83 55 82 29<br><\/p>\n<\/div><figure class=\"wp-block-media-text__media\"><img loading=\"lazy\" decoding=\"async\" width=\"1024\" height=\"745\" src=\"http:\/\/www.paysansantigone.fr\/wp-content\/mesimages\/P1140605-1024x745.jpg\" alt=\"\" class=\"wp-image-2021 size-full\" srcset=\"https:\/\/www.paysansantigone.fr\/wp-content\/mesimages\/P1140605-1024x745.jpg 1024w, https:\/\/www.paysansantigone.fr\/wp-content\/mesimages\/P1140605-320x233.jpg 320w, https:\/\/www.paysansantigone.fr\/wp-content\/mesimages\/P1140605-768x559.jpg 768w, https:\/\/www.paysansantigone.fr\/wp-content\/mesimages\/P1140605-1536x1117.jpg 1536w, https:\/\/www.paysansantigone.fr\/wp-content\/mesimages\/P1140605-2048x1490.jpg 2048w\" sizes=\"auto, (max-width: 1024px) 100vw, 1024px\" \/><\/figure><\/div>\n\n\n\n<h2 class=\"wp-block-heading\">Chez Gauthier  | Ferme avicole Canta Gal<\/h2>\n\n\n\n<div class=\"wp-block-media-text alignwide\" style=\"grid-template-columns:37% auto\"><figure class=\"wp-block-media-text__media\"><img loading=\"lazy\" decoding=\"async\" width=\"1024\" height=\"768\" src=\"http:\/\/www.paysansantigone.fr\/wp-content\/mesimages\/23-03-5-1024x768.jpg\" alt=\"\" class=\"wp-image-2037 size-full\" srcset=\"https:\/\/www.paysansantigone.fr\/wp-content\/mesimages\/23-03-5-1024x768.jpg 1024w, https:\/\/www.paysansantigone.fr\/wp-content\/mesimages\/23-03-5-320x240.jpg 320w, https:\/\/www.paysansantigone.fr\/wp-content\/mesimages\/23-03-5-768x576.jpg 768w, https:\/\/www.paysansantigone.fr\/wp-content\/mesimages\/23-03-5-1536x1152.jpg 1536w, https:\/\/www.paysansantigone.fr\/wp-content\/mesimages\/23-03-5-2048x1536.jpg 2048w\" sizes=\"auto, (max-width: 1024px) 100vw, 1024px\" \/><\/figure><div class=\"wp-block-media-text__content\">\n<p class=\"has-medium-font-size\">Chez Gauthier vous propose ses poulets, lapins, pintades, \u0153ufs en direct de la ferme avicole. Il vous propose aussi diverses pr\u00e9paration confectionn\u00e9es avec les produits de la ferme (saucisses, cordon bleu, steak, terrine, cuisses marin\u00e9es,&#8230;).<\/p>\n\n\n\n<p class=\"has-medium-font-size\">Contact : elevagecantagal@gmail.com<br>Mobile : 07 85 54 82 62  <br><\/p>\n<\/div><\/div>\n","protected":false},"excerpt":{"rendered":"<p>La Boucherie de la ferme | \u00c9leveurs bovins, ovins et porcins Une Boucherie de producteur regroupant 5 \u00e9leveurs bio la Boucherie de la Ferme vous propose de la viande de boeuf, veau, agneau et de porc bio. La Boucherie de la Ferme propose aussi toute une gamme de charcuterie maison bio et de plat pr\u00e9par\u00e9s [&hellip;]<\/p>\n","protected":false},"author":6,"featured_media":0,"parent":1601,"menu_order":0,"comment_status":"closed","ping_status":"closed","template":"","meta":{"footnotes":""},"class_list":["post-1626","page","type-page","status-publish","hentry"],"_links":{"self":[{"href":"https:\/\/www.paysansantigone.fr\/index.php?rest_route=\/wp\/v2\/pages\/1626","targetHints":{"allow":["GET"]}}],"collection":[{"href":"https:\/\/www.paysansantigone.fr\/index.php?rest_route=\/wp\/v2\/pages"}],"about":[{"href":"https:\/\/www.paysansantigone.fr\/index.php?rest_route=\/wp\/v2\/types\/page"}],"author":[{"embeddable":true,"href":"https:\/\/www.paysansantigone.fr\/index.php?rest_route=\/wp\/v2\/users\/6"}],"replies":[{"embeddable":true,"href":"https:\/\/www.paysansantigone.fr\/index.php?rest_route=%2Fwp%2Fv2%2Fcomments&post=1626"}],"version-history":[{"count":12,"href":"https:\/\/www.paysansantigone.fr\/index.php?rest_route=\/wp\/v2\/pages\/1626\/revisions"}],"predecessor-version":[{"id":2046,"href":"https:\/\/www.paysansantigone.fr\/index.php?rest_route=\/wp\/v2\/pages\/1626\/revisions\/2046"}],"up":[{"embeddable":true,"href":"https:\/\/www.paysansantigone.fr\/index.php?rest_route=\/wp\/v2\/pages\/1601"}],"wp:attachment":[{"href":"https:\/\/www.paysansantigone.fr\/index.php?rest_route=%2Fwp%2Fv2%2Fmedia&parent=1626"}],"curies":[{"name":"wp","href":"https:\/\/api.w.org\/{rel}","templated":true}]}}