{"id":1614,"date":"2019-12-19T11:14:23","date_gmt":"2019-12-19T09:14:23","guid":{"rendered":"http:\/\/www.paysansantigone.fr\/?page_id=1614"},"modified":"2023-04-25T11:54:50","modified_gmt":"2023-04-25T09:54:50","slug":"artisanat","status":"publish","type":"page","link":"https:\/\/www.paysansantigone.fr\/?page_id=1614","title":{"rendered":"Artisanat"},"content":{"rendered":"\n<h2 class=\"wp-block-heading\"> Jean-Marie STEHLE | Artisan du cuir <\/h2>\n\n\n\n<div class=\"wp-block-media-text alignwide is-stacked-on-mobile\" style=\"grid-template-columns:35% auto\"><figure class=\"wp-block-media-text__media\"><img loading=\"lazy\" decoding=\"async\" width=\"336\" height=\"340\" src=\"http:\/\/www.paysansantigone.fr\/wp-content\/mesimages\/JEAN-MARIE-STEHLE-CERCLE.png\" alt=\"\" class=\"wp-image-1615 size-full\" srcset=\"https:\/\/www.paysansantigone.fr\/wp-content\/mesimages\/JEAN-MARIE-STEHLE-CERCLE.png 336w, https:\/\/www.paysansantigone.fr\/wp-content\/mesimages\/JEAN-MARIE-STEHLE-CERCLE-316x320.png 316w\" sizes=\"auto, (max-width: 336px) 100vw, 336px\" \/><\/figure><div class=\"wp-block-media-text__content\">\n<p class=\"has-medium-font-size\"> <\/p>\n\n\n\n<p class=\"has-medium-font-size\">Jean Marie vous propose ses fabrications \u00e0 base de cuir : des ceintures, des sacs cousus main, des portefeuilles, &#8230; Ainsi que des bougies multicolores parfum\u00e9es.<\/p>\n\n\n\n<p class=\"has-medium-font-size\">Contact :<br>T\u00e9l\u00e9phone : 04 67 57 26 94<br>Mobile : 06 81 23 08 09<br>E-mail :  <a href=\"mailto:artisanat.cuir.34@gmail.com\" target=\"_blank\" rel=\"noreferrer noopener\" aria-label=\" (s\u2019ouvre dans un nouvel onglet)\">artisanat.cuir.34@gmail.com<\/a>  <\/p>\n<\/div><\/div>\n\n\n\n<h2 class=\"wp-block-heading\">Les savons de l\u2019\u00c9cusson <\/h2>\n\n\n\n<div class=\"wp-block-media-text alignwide is-stacked-on-mobile\" style=\"grid-template-columns:35% auto\"><figure class=\"wp-block-media-text__media\"><img loading=\"lazy\" decoding=\"async\" width=\"800\" height=\"800\" src=\"http:\/\/www.paysansantigone.fr\/wp-content\/mesimages\/marche-paysan-antigone13-les-savons-de-lecusson.jpg\" alt=\"\" class=\"wp-image-2063 size-full\" srcset=\"https:\/\/www.paysansantigone.fr\/wp-content\/mesimages\/marche-paysan-antigone13-les-savons-de-lecusson.jpg 800w, https:\/\/www.paysansantigone.fr\/wp-content\/mesimages\/marche-paysan-antigone13-les-savons-de-lecusson-320x320.jpg 320w, https:\/\/www.paysansantigone.fr\/wp-content\/mesimages\/marche-paysan-antigone13-les-savons-de-lecusson-150x150.jpg 150w, https:\/\/www.paysansantigone.fr\/wp-content\/mesimages\/marche-paysan-antigone13-les-savons-de-lecusson-768x768.jpg 768w, https:\/\/www.paysansantigone.fr\/wp-content\/mesimages\/marche-paysan-antigone13-les-savons-de-lecusson-450x450.jpg 450w, https:\/\/www.paysansantigone.fr\/wp-content\/mesimages\/marche-paysan-antigone13-les-savons-de-lecusson-60x60.jpg 60w, https:\/\/www.paysansantigone.fr\/wp-content\/mesimages\/marche-paysan-antigone13-les-savons-de-lecusson-550x550.jpg 550w\" sizes=\"auto, (max-width: 800px) 100vw, 800px\" \/><\/figure><div class=\"wp-block-media-text__content\">\n<p class=\"has-medium-font-size\"> <\/p>\n\n\n\n<p class=\"has-medium-font-size\">Savons saponifi\u00e9s \u00e0 froid et cosm\u00e9tiques naturels, fabriqu\u00e9s artisanalement par H\u00e9l\u00e8ne avec des ingr\u00e9dients issus de l\u2019agriculture biologique. H\u00e9l\u00e8ne est pr\u00e9sente sur le march\u00e9 un dimanche sur deux (les semaines impaires).<\/p>\n\n\n\n<p class=\"has-medium-font-size\">Contact :<br>T\u00e9l\u00e9phone : 06-12-18-72-28<br>Site web : savons-ecusson.fr<br>E-mail :  contact@savons-ecusson.fr<\/p>\n<\/div><\/div>\n","protected":false},"excerpt":{"rendered":"<p>Jean-Marie STEHLE | Artisan du cuir Jean Marie vous propose ses fabrications \u00e0 base de cuir : des ceintures, des sacs cousus main, des portefeuilles, &#8230; Ainsi que des bougies multicolores parfum\u00e9es. Contact :T\u00e9l\u00e9phone : 04 67 57 26 94Mobile : 06 81 23 08 09E-mail : artisanat.cuir.34@gmail.com Les savons de l\u2019\u00c9cusson Savons saponifi\u00e9s \u00e0 [&hellip;]<\/p>\n","protected":false},"author":6,"featured_media":0,"parent":1601,"menu_order":0,"comment_status":"closed","ping_status":"closed","template":"","meta":{"footnotes":""},"class_list":["post-1614","page","type-page","status-publish","hentry"],"_links":{"self":[{"href":"https:\/\/www.paysansantigone.fr\/index.php?rest_route=\/wp\/v2\/pages\/1614","targetHints":{"allow":["GET"]}}],"collection":[{"href":"https:\/\/www.paysansantigone.fr\/index.php?rest_route=\/wp\/v2\/pages"}],"about":[{"href":"https:\/\/www.paysansantigone.fr\/index.php?rest_route=\/wp\/v2\/types\/page"}],"author":[{"embeddable":true,"href":"https:\/\/www.paysansantigone.fr\/index.php?rest_route=\/wp\/v2\/users\/6"}],"replies":[{"embeddable":true,"href":"https:\/\/www.paysansantigone.fr\/index.php?rest_route=%2Fwp%2Fv2%2Fcomments&post=1614"}],"version-history":[{"count":5,"href":"https:\/\/www.paysansantigone.fr\/index.php?rest_route=\/wp\/v2\/pages\/1614\/revisions"}],"predecessor-version":[{"id":2064,"href":"https:\/\/www.paysansantigone.fr\/index.php?rest_route=\/wp\/v2\/pages\/1614\/revisions\/2064"}],"up":[{"embeddable":true,"href":"https:\/\/www.paysansantigone.fr\/index.php?rest_route=\/wp\/v2\/pages\/1601"}],"wp:attachment":[{"href":"https:\/\/www.paysansantigone.fr\/index.php?rest_route=%2Fwp%2Fv2%2Fmedia&parent=1614"}],"curies":[{"name":"wp","href":"https:\/\/api.w.org\/{rel}","templated":true}]}}