{"id":1598,"date":"2019-12-19T11:14:27","date_gmt":"2019-12-19T09:14:27","guid":{"rendered":"http:\/\/www.paysansantigone.fr\/?page_id=1598"},"modified":"2020-09-06T09:14:09","modified_gmt":"2020-09-06T07:14:09","slug":"notre-histoire","status":"publish","type":"page","link":"https:\/\/www.paysansantigone.fr\/","title":{"rendered":"Notre histoire"},"content":{"rendered":"\n<p class=\"has-drop-cap has-medium-font-size\">Depuis 1991, place du nombre d&rsquo;or et chaque dimanche matin, des producteurs de fruits et l\u00e9gumes, des \u00e9leveurs, des ostr\u00e9iculteurs et des vignerons et \u2026 d\u2019autres encore proposent une vaste gamme de produits.<\/p>\n\n\n\n<p class=\"has-medium-font-size\">Ce march\u00e9 fonctionne selon une formule assez originale puisque son organisation, sa gestion sont du ressort d\u2019une association de paysans. Une convention avec la Mairie de Montpellier fixe les obligations r\u00e9ciproques des partenaires.<\/p>\n\n\n\n<div class=\"wp-block-image\"><figure class=\"aligncenter\"><img loading=\"lazy\" decoding=\"async\" width=\"580\" height=\"435\" src=\"http:\/\/www.paysansantigone.fr\/wp-content\/mesimages\/histoire.jpg\" alt=\"\" class=\"wp-image-1752\" srcset=\"https:\/\/www.paysansantigone.fr\/wp-content\/mesimages\/histoire.jpg 580w, https:\/\/www.paysansantigone.fr\/wp-content\/mesimages\/histoire-320x240.jpg 320w\" sizes=\"auto, (max-width: 580px) 100vw, 580px\" \/><\/figure><\/div>\n\n\n\n<p class=\"has-medium-font-size\">Dans le choix des producteurs, les responsables du march\u00e9 ont toujours choisi la qualit\u00e9 des produits comme premier crit\u00e8re.<br>Au fil des ans, la fid\u00e9lit\u00e9 de la client\u00e8le \u00e0 ce rendez-vous hebdomadaire, montre bien l\u2019int\u00e9r\u00eat qu\u2019il suscite.<br>L\u2019amiti\u00e9 palpable entre citadins de toujours ou citadins aux proches racines rurales et les paysans fait de ces dimanches matins un point de rencontre et d\u2019\u00e9changes particuli\u00e8rement chaleureux. <\/p>\n\n\n\n<p class=\"has-medium-font-size\"><br>Pour prolonger ces instants, pour mieux nous faire conna\u00eetre aussi, nous avons voulu utiliser, en toute simplicit\u00e9, l\u2019outil internet d\u00e9sormais d\u2019usage courant.<br>Vous trouverez, selon le sch\u00e9ma classique que tous les internautes connaissent bien, des pages que vous ouvrirez sur des produits, sur des exploitants, sur les animations qui agr\u00e9mentent le march\u00e9 tout au long de l\u2019ann\u00e9e : dimanche anniversaire, dimanche de la f\u00eate des fleurs et des fruits etc. <br><\/p>\n","protected":false},"excerpt":{"rendered":"<p>Depuis 1991, place du nombre d&rsquo;or et chaque dimanche matin, des producteurs de fruits et l\u00e9gumes, des \u00e9leveurs, des ostr\u00e9iculteurs et des vignerons et \u2026 d\u2019autres encore proposent une vaste gamme de produits. Ce march\u00e9 fonctionne selon une formule assez originale puisque son organisation, sa gestion sont du ressort d\u2019une association de paysans. Une convention [&hellip;]<\/p>\n","protected":false},"author":6,"featured_media":0,"parent":0,"menu_order":0,"comment_status":"closed","ping_status":"closed","template":"","meta":{"footnotes":""},"class_list":["post-1598","page","type-page","status-publish","hentry"],"_links":{"self":[{"href":"https:\/\/www.paysansantigone.fr\/index.php?rest_route=\/wp\/v2\/pages\/1598","targetHints":{"allow":["GET"]}}],"collection":[{"href":"https:\/\/www.paysansantigone.fr\/index.php?rest_route=\/wp\/v2\/pages"}],"about":[{"href":"https:\/\/www.paysansantigone.fr\/index.php?rest_route=\/wp\/v2\/types\/page"}],"author":[{"embeddable":true,"href":"https:\/\/www.paysansantigone.fr\/index.php?rest_route=\/wp\/v2\/users\/6"}],"replies":[{"embeddable":true,"href":"https:\/\/www.paysansantigone.fr\/index.php?rest_route=%2Fwp%2Fv2%2Fcomments&post=1598"}],"version-history":[{"count":3,"href":"https:\/\/www.paysansantigone.fr\/index.php?rest_route=\/wp\/v2\/pages\/1598\/revisions"}],"predecessor-version":[{"id":1889,"href":"https:\/\/www.paysansantigone.fr\/index.php?rest_route=\/wp\/v2\/pages\/1598\/revisions\/1889"}],"wp:attachment":[{"href":"https:\/\/www.paysansantigone.fr\/index.php?rest_route=%2Fwp%2Fv2%2Fmedia&parent=1598"}],"curies":[{"name":"wp","href":"https:\/\/api.w.org\/{rel}","templated":true}]}}

<p class="has-drop-cap has-medium-font-size">Depuis 1991, place du nombre d&rsquo;or et chaque dimanche matin, des producteurs de fruits et légumes, des éleveurs, des ostréiculteurs et des vignerons et … d’autres encore proposent une vaste gamme de produits.</p>



<p class="has-medium-font-size">Ce marché fonctionne selon une formule assez originale puisque son organisation, sa gestion sont du ressort d’une association de paysans. Une convention avec la Mairie de Montpellier fixe les obligations réciproques des partenaires.</p>



<div class="wp-block-image"><figure class="aligncenter"><img loading="lazy" decoding="async" width="580" height="435" src="http://www.paysansantigone.fr/wp-content/mesimages/histoire.jpg" alt="" class="wp-image-1752" srcset="https://www.paysansantigone.fr/wp-content/mesimages/histoire.jpg 580w, https://www.paysansantigone.fr/wp-content/mesimages/histoire-320x240.jpg 320w" sizes="auto, (max-width: 580px) 100vw, 580px" /></figure></div>



<p class="has-medium-font-size">Dans le choix des producteurs, les responsables du marché ont toujours choisi la qualité des produits comme premier critère.<br>Au fil des ans, la fidélité de la clientèle à ce rendez-vous hebdomadaire, montre bien l’intérêt qu’il suscite.<br>L’amitié palpable entre citadins de toujours ou citadins aux proches racines rurales et les paysans fait de ces dimanches matins un point de rencontre et d’échanges particulièrement chaleureux. </p>



<p class="has-medium-font-size"><br>Pour prolonger ces instants, pour mieux nous faire connaître aussi, nous avons voulu utiliser, en toute simplicité, l’outil internet désormais d’usage courant.<br>Vous trouverez, selon le schéma classique que tous les internautes connaissent bien, des pages que vous ouvrirez sur des produits, sur des exploitants, sur les animations qui agrémentent le marché tout au long de l’année : dimanche anniversaire, dimanche de la fête des fleurs et des fruits etc. <br></p>

<p>Depuis 1991, place du nombre d&rsquo;or et chaque dimanche matin, des producteurs de fruits et légumes, des éleveurs, des ostréiculteurs et des vignerons et … d’autres encore proposent une vaste gamme de produits. Ce marché fonctionne selon une formule assez originale puisque son organisation, sa gestion sont du ressort d’une association de paysans. Une convention [&hellip;]</p>
