{"id":1596,"date":"2019-12-19T11:14:25","date_gmt":"2019-12-19T09:14:25","guid":{"rendered":"http:\/\/www.paysansantigone.fr\/?page_id=1596"},"modified":"2020-09-06T09:00:45","modified_gmt":"2020-09-06T07:00:45","slug":"nous-trouver","status":"publish","type":"page","link":"https:\/\/www.paysansantigone.fr\/?page_id=1596","title":{"rendered":"Nous trouver"},"content":{"rendered":"\n<p class=\"has-medium-font-size\">Facile ! Tous les dimanches matins de l&rsquo;ann\u00e9e sur la place du Nombre d&rsquo;Or dans le quartier Antigone de Montpellier (proche de la piscine olympique).<br><br>Les arr\u00eats de tramway les plus proches :<br>&#8211; Antigone (ligne 1)<br>&#8211; L\u00e9on Blum (ligne 1)<br>&#8211; Place de l&rsquo;Europe (ligne 1 et 4) <\/p>\n\n\n<p><iframe loading=\"lazy\" src=\"https:\/\/www.google.com\/maps\/embed?pb=!1m18!1m12!1m3!1d2888.921398824113!2d3.885436715458785!3d43.60817816335879!2m3!1f0!2f0!3f0!3m2!1i1024!2i768!4f13.1!3m3!1m2!1s0x12b6af9e8d1f9825%3A0xd12eb8799ed37279!2sLe%20march%C3%A9%20paysan%20d&#39;Antigone!5e0!3m2!1sfr!2sfr!4v1599375566810!5m2!1sfr!2sfr\" width=\"600\" height=\"450\" frameborder=\"0\" style=\"border:0;\" allowfullscreen=\"\" aria-hidden=\"false\" tabindex=\"0\"><\/iframe><\/p>\n\n\n\n<p><\/p>\n","protected":false},"excerpt":{"rendered":"<p>Facile ! Tous les dimanches matins de l&rsquo;ann\u00e9e sur la place du Nombre d&rsquo;Or dans le quartier Antigone de Montpellier (proche de la piscine olympique). Les arr\u00eats de tramway les plus proches :&#8211; Antigone (ligne 1)&#8211; L\u00e9on Blum (ligne 1)&#8211; Place de l&rsquo;Europe (ligne 1 et 4)<\/p>\n","protected":false},"author":6,"featured_media":0,"parent":0,"menu_order":0,"comment_status":"closed","ping_status":"closed","template":"","meta":{"footnotes":""},"class_list":["post-1596","page","type-page","status-publish","hentry"],"_links":{"self":[{"href":"https:\/\/www.paysansantigone.fr\/index.php?rest_route=\/wp\/v2\/pages\/1596","targetHints":{"allow":["GET"]}}],"collection":[{"href":"https:\/\/www.paysansantigone.fr\/index.php?rest_route=\/wp\/v2\/pages"}],"about":[{"href":"https:\/\/www.paysansantigone.fr\/index.php?rest_route=\/wp\/v2\/types\/page"}],"author":[{"embeddable":true,"href":"https:\/\/www.paysansantigone.fr\/index.php?rest_route=\/wp\/v2\/users\/6"}],"replies":[{"embeddable":true,"href":"https:\/\/www.paysansantigone.fr\/index.php?rest_route=%2Fwp%2Fv2%2Fcomments&post=1596"}],"version-history":[{"count":6,"href":"https:\/\/www.paysansantigone.fr\/index.php?rest_route=\/wp\/v2\/pages\/1596\/revisions"}],"predecessor-version":[{"id":1885,"href":"https:\/\/www.paysansantigone.fr\/index.php?rest_route=\/wp\/v2\/pages\/1596\/revisions\/1885"}],"wp:attachment":[{"href":"https:\/\/www.paysansantigone.fr\/index.php?rest_route=%2Fwp%2Fv2%2Fmedia&parent=1596"}],"curies":[{"name":"wp","href":"https:\/\/api.w.org\/{rel}","templated":true}]}}